{"id":1129,"date":"2017-06-15T17:45:01","date_gmt":"2017-06-15T14:45:01","guid":{"rendered":"http:\/\/www.hiisirasti.fi\/?page_id=1129"},"modified":"2017-08-15T14:29:26","modified_gmt":"2017-08-15T11:29:26","slug":"am-pitka-ja-viesti-2017","status":"publish","type":"page","link":"http:\/\/www.hiisirasti.fi\/?page_id=1129","title":{"rendered":"AM-pitk\u00e4 ja viesti 2017"},"content":{"rendered":"<p>Avoin Satakunnan ja Varsinais-Suomen AM-pitk\u00e4 ja viesti suunnistetaan 12.-13.8.2017 Yl\u00e4neen Ristisuolla.<\/p>\n<ul>\n<li>13.7.2017 &#8211; Kilpailukutsua on p\u00e4ivitetty maksutietojen osalta. Osanottomaksut hoidetaan normaalisti Irman kautta.<\/li>\n<li>28.7.2017 &#8211; Lis\u00e4tty kilpailualueen vanha kartta.<\/li>\n<li>31.7.2017 &#8211; Lis\u00e4tty tietoa kuntosuunnistusmahdollisuudesta (sivun alalaitaan).<\/li>\n<li>2.8.2017 &#8211; Lis\u00e4tty lis\u00e4tietoa am-viestin ik\u00e4sarjojen osallistumisoikeuksista. Samat tiedot n\u00e4kyv\u00e4t my\u00f6s Irmassa.<\/li>\n<li>8.8.2017 &#8211; Lis\u00e4tty alustavat kilpailuohjeet.<\/li>\n<li>9.8.2017 &#8211; L\u00e4ht\u00f6luettelot on julkaistu. Ne l\u00f6ytyv\u00e4t tulospalvelusivulta, jonne on linkki alla.<\/li>\n<li>12.8.2017 &#8211; Lis\u00e4tty kuvia lauantailta.<\/li>\n<li>13.8.2017 &#8211; Lis\u00e4tty kuvia sunnuntailta.<\/li>\n<li>14.8.2017 &#8211; <strong>AM-kisojen j\u00e4lkeen kisakeskuksesta ker\u00e4ttiin talteen kaksi juoksutakkia. Takkeja voi tiedustella numerosta 040-8240761.<\/strong><\/li>\n<li>15.8.2017 &#8211; Kuntorastien tulokset ja v\u00e4liajat on lis\u00e4tty.<\/li>\n<\/ul>\n<p>&nbsp;<\/p>\n<ul>\n<li><a href=\"http:\/\/www.hiisirasti.fi\/tapahtumat\/ampitkajaviesti2017\/am-pitka_kilpailukutsu.pdf\">Kilpailukutsu<\/a> (p\u00e4ivitetty 13.7.)<\/li>\n<li><a href=\"http:\/\/www.hiisirasti.fi\/?page_id=1155\">Pitk\u00e4nmatkan kilpailuohjeet<\/a> (<a href=\"http:\/\/www.hiisirasti.fi\/tapahtumat\/ampitkajaviesti2017\/Pitk\u00e4matka_kilpailuohjeet(TN).pdf\">pdf-versio<\/a>)<\/li>\n<li><a href=\"http:\/\/www.hiisirasti.fi\/?page_id=1159\">Viestin kilpailuohjeet<\/a> (<a href=\"http:\/\/www.hiisirasti.fi\/tapahtumat\/ampitkajaviesti2017\/Viestin_kilpailuohjeet(TN).pdf\">pdf-versio<\/a>)<\/li>\n<li><a href=\"http:\/\/www.resultfellows.com\/2017\/skvsam\/\">TULOKSET, V\u00c4LIAJAT, REITTIH\u00c4RVELI<\/a><\/li>\n<li><a href=\"http:\/\/www.hiisirasti.fi\/tapahtumat\/ampitkajaviesti2017\/am_kunto_tulokset.html\">Kuntorastien tulokset<\/a><\/li>\n<li><a href=\"http:\/\/www.hiisirasti.fi\/tapahtumat\/ampitkajaviesti2017\/am_kunto_valiajat.html\">Kuntorastien v\u00e4liajat<\/a><\/li>\n<li><a href=\"http:\/\/www.hiisirasti.fi\/tapahtumat\/ampitkajaviesti2017\/am-vanha_kartta.png\" rel=\"noopener lightbox-0\">Vanha kartta<\/a><\/li>\n<li><a href=\"http:\/\/www.hiisirasti.fi\/?page_id=1217\">Kuvia lauantain pitk\u00e4nmatkan kilpailusta<\/a><\/li>\n<li><a href=\"http:\/\/www.hiisirasti.fi\/?page_id=1223\">Kuvia sunnuntain viestikilpailusta<\/a><\/li>\n<\/ul>\n<blockquote><p><strong>Emit-kilpailukortin vaihdokset<\/strong><\/p>\n<p>&nbsp;<\/p>\n<p>Mik\u00e4li Emit-kilpailukorttisi on vaihtunut ja et ole kilpailukortin numeroa viel\u00e4 Irmaan p\u00e4ivitt\u00e4nyt, p\u00e4ivit\u00e4 numerotieto Irmaan ennen viikonlopun kisoja.<\/p><\/blockquote>\n<blockquote><p><strong>Lis\u00e4infoa am-viestin ik\u00e4sarjojen osallistumisoikeuksiin<\/strong><\/p>\n<p>&nbsp;<\/p>\n<p>Sarja?t, yhteisik\u00e4 ja j\u00e4senen ik\u00e4 v\u00e4hint\u00e4\u00e4n<\/p>\n<p>&nbsp;<\/p>\n<p>H35\/D35, yhteisik\u00e4 v\u00e4hint\u00e4\u00e4n 105 vuotta, j\u00e4senen ik\u00e4 v\u00e4hint\u00e4\u00e4n 35 vuotta<br \/>\nH45\/D45, yhteisik\u00e4 v\u00e4hint\u00e4\u00e4n 130 vuotta, j\u00e4senen ik\u00e4 v\u00e4hint\u00e4\u00e4n 35 vuotta<br \/>\n?H50\/D50, yhteisik\u00e4 v\u00e4hint\u00e4\u00e4n 150 vuotta, j\u00e4senen ik\u00e4 v\u00e4hint\u00e4\u00e4n 40 vuotta?<br \/>\n?H55\/D55, yhteisik\u00e4 v\u00e4hint\u00e4\u00e4n 170 vuotta, j\u00e4senen ik\u00e4 v\u00e4hint\u00e4\u00e4n 45 vuotta?<br \/>\nH60\/D60, yhteisik\u00e4 v\u00e4hint\u00e4\u00e4n 190 vuotta, j\u00e4senen ik\u00e4 v\u00e4hint\u00e4\u00e4n 50 vuotta<br \/>\nH70\/D70, yhteisik\u00e4 v\u00e4hint\u00e4\u00e4n 210 vuotta, j\u00e4senen ik\u00e4 v\u00e4hint\u00e4\u00e4n 60 vuotta<br \/>\nH75, yhteisik\u00e4 v\u00e4hint\u00e4\u00e4n 225 vuotta, j\u00e4senen ik\u00e4 v\u00e4hint\u00e4\u00e4n 70 vuotta<\/p>\n<p>&nbsp;<\/p>\n<p>Samat tiedot n\u00e4kyv\u00e4t Irmassa.<\/p><\/blockquote>\n<blockquote><p><strong>Kuntosuunnistus:<\/strong><br \/>\nAM-pitk\u00e4n yhteydess\u00e4 on mahdollista osallistua 5 km kuntosuunnistukseen. Kuntosuunnistus on tarkoitettu niille, jotka eiv\u00e4t ole ilmoittautuneet kilpailuun. Ilmoittautuminen kuntosuunnistukseen tapahtuu kilpailukeskuksen infossa. Maksu 7 \u20ac maksetaan ilmoittautumisen yhteydess\u00e4. L\u00e4ht\u00f6 kuntosuunnistukseen tapahtuu ykk\u00f6sl\u00e4hd\u00f6n yhteydest\u00e4 ja radalla on erillinen maali. Maaliin tultuaan suunnistaja ilmoittautuu infossa, jossa h\u00e4nen emit-kortti luetaan. Kuntosuunnistuksen l\u00e4hd\u00f6t aikav\u00e4lill\u00e4 12.30 \u2013 14.30.?<\/p><\/blockquote>\n","protected":false},"excerpt":{"rendered":"<p>Avoin Satakunnan ja Varsinais-Suomen AM-pitk\u00e4 ja viesti suunnistetaan 12.-13.8.2017 Yl\u00e4neen Ristisuolla. 13.7.2017 &#8211; Kilpailukutsua on p\u00e4ivitetty maksutietojen osalta. Osanottomaksut hoidetaan normaalisti Irman kautta. 28.7.2017 &#8211; Lis\u00e4tty kilpailualueen vanha kartta. 31.7.2017 &#8211; Lis\u00e4tty tietoa kuntosuunnistusmahdollisuudesta (sivun alalaitaan). 2.8.2017 &#8211; Lis\u00e4tty lis\u00e4tietoa am-viestin ik\u00e4sarjojen osallistumisoikeuksista. Samat tiedot n\u00e4kyv\u00e4t my\u00f6s Irmassa. 8.8.2017 &#8211; Lis\u00e4tty alustavat kilpailuohjeet. 9.8.2017 &#8211; [&hellip;]<\/p>\n","protected":false},"author":1,"featured_media":0,"parent":0,"menu_order":0,"comment_status":"closed","ping_status":"closed","template":"","meta":{"footnotes":""},"class_list":["post-1129","page","type-page","status-publish","hentry"],"_links":{"self":[{"href":"http:\/\/www.hiisirasti.fi\/index.php?rest_route=\/wp\/v2\/pages\/1129","targetHints":{"allow":["GET"]}}],"collection":[{"href":"http:\/\/www.hiisirasti.fi\/index.php?rest_route=\/wp\/v2\/pages"}],"about":[{"href":"http:\/\/www.hiisirasti.fi\/index.php?rest_route=\/wp\/v2\/types\/page"}],"author":[{"embeddable":true,"href":"http:\/\/www.hiisirasti.fi\/index.php?rest_route=\/wp\/v2\/users\/1"}],"replies":[{"embeddable":true,"href":"http:\/\/www.hiisirasti.fi\/index.php?rest_route=%2Fwp%2Fv2%2Fcomments&post=1129"}],"version-history":[{"count":18,"href":"http:\/\/www.hiisirasti.fi\/index.php?rest_route=\/wp\/v2\/pages\/1129\/revisions"}],"predecessor-version":[{"id":1302,"href":"http:\/\/www.hiisirasti.fi\/index.php?rest_route=\/wp\/v2\/pages\/1129\/revisions\/1302"}],"wp:attachment":[{"href":"http:\/\/www.hiisirasti.fi\/index.php?rest_route=%2Fwp%2Fv2%2Fmedia&parent=1129"}],"curies":[{"name":"wp","href":"https:\/\/api.w.org\/{rel}","templated":true}]}}