{"id":2283,"date":"2023-04-30T19:59:21","date_gmt":"2023-04-30T16:59:21","guid":{"rendered":"http:\/\/www.hiisirasti.fi\/?page_id=2283"},"modified":"2023-05-06T22:08:44","modified_gmt":"2023-05-06T19:08:44","slug":"kiu-100-vuotta-kilpailuohjeet","status":"publish","type":"page","link":"http:\/\/www.hiisirasti.fi\/?page_id=2283","title":{"rendered":"KiU 100 vuotta &#8211; kilpailuohjeet"},"content":{"rendered":"\n<p><span lang=\"fi-FI\"><b>S\u00c4\u00c4NN\u00d6T:<\/b><\/span><\/p>\n<p><span lang=\"fi-FI\">Kilpailuissa noudatetaan SSL:n suunnistuksen lajis\u00e4\u00e4nt\u00f6j\u00e4 ja n\u00e4it\u00e4 j\u00e4rjest\u00e4j\u00e4n ohjeita.<\/span><\/p>\n<p><span lang=\"fi-FI\"><b>TOIMIHENKIL\u00d6T:<\/b><\/span><\/p>\n<p><span lang=\"fi-FI\">Kilpailunjohtaja: Kimmo Mieskoski<br \/>Ratamestari: Mika Ruuhiala<br \/>Kilpailunvalvoja: Joona Huila, IkNV<br \/>Tuomarineuvosto:<\/span><\/p>\n<p><span lang=\"fi-FI\"><b>KILPAILUKESKUS:<\/b><\/span><\/p>\n<p><span lang=\"fi-FI\">Ilmoitussuontie 400, Kiukainen<br \/>Kovapohjainen kentt\u00e4, kahvio ja 100-vuotisn\u00e4yttely kilpailukeskuksen hallissa.<\/span><\/p>\n<p><span lang=\"fi-FI\"><b>MAASTO:<\/b><\/span><\/p>\n<p><span lang=\"fi-FI\">Tyypillinen kiukaislainen maasto, jossa havumets\u00e4voittoisella alueella on pieni\u00e4 m\u00e4ki\u00e4 ja pienipiirteisi\u00e4 alueita, mutta avokalliot puuttuvat kuitenkin kokonaan.<\/span><\/p>\n<p><span lang=\"fi-FI\"><b>KILPAILUKARTTA:<\/b><\/span><\/p>\n<p><span lang=\"fi-FI\">Tulostekartta 05\/2023, mittakaavat 1:10 000 ja 1:7500 \/ k\u00e4yr\u00e4v\u00e4li 2,5m. Kartan koko A4. Kartat ovat muovisuojuksissa.<\/span><\/p>\n<p><span lang=\"fi-FI\"><b>LEIMAUS:<\/b><\/span><\/p>\n<p><span lang=\"fi-FI\">Kaikissa sarjoissa k\u00e4ytet\u00e4\u00e4n Emit-leimausta. Emit-korttien muutokset teht\u00e4v\u00e4 ennen l\u00e4ht\u00f6\u00e4 infoon.<\/span><\/p>\n<p><span lang=\"fi-FI\"><b>VUOKRAKORTIT:<\/b><\/span><\/p>\n<p><span lang=\"fi-FI\">Vuokrakortit noudetaan ja maksetaan infoon. Kortin vuokra on 5 \u20ac. Palauttamatta j\u00e4\u00e4neest\u00e4 kortista perit\u00e4\u00e4n 70 \u20ac.<\/span><\/p>\n<p><span lang=\"fi-FI\"><b>TARKASTUSLIPUKE:<\/b><\/span><\/p>\n<p><span lang=\"fi-FI\">Emit-tarkastuslipukkeet saa esil\u00e4hd\u00f6st\u00e4.<\/span><\/p>\n<p><span lang=\"fi-FI\"><b>RASTIM\u00c4\u00c4RITTEET:<\/b><\/span><\/p>\n<p><span lang=\"fi-FI\">Rastim\u00e4\u00e4ritteet vain kartassa.<\/span><\/p>\n<p><span lang=\"fi-FI\"><b>KILPAILUNUMEROT:<\/b><\/span><\/p>\n<p><span lang=\"fi-FI\">Ei kilpailunumeroita.<\/span><\/p>\n<p><span lang=\"fi-FI\"><b>SARJAT, L\u00c4HT\u00d6, MATKAT SEK\u00c4 MITTAKAAVA:<\/b><\/span><\/p>\n<table width=\"664\" cellspacing=\"0\" cellpadding=\"7\"><colgroup><col width=\"70\" \/><col width=\"63\" \/><col width=\"54\" \/><col width=\"75\" \/><col width=\"71\" \/><col width=\"72\" \/><col width=\"75\" \/><col width=\"70\" \/><\/colgroup>\n<tbody>\n<tr valign=\"top\">\n<td width=\"70\">\n<p align=\"center\"><span lang=\"fi-FI\">Sarja<\/span><\/p>\n<\/td>\n<td width=\"63\">\n<p align=\"center\"><span lang=\"fi-FI\">Matka<\/span><\/p>\n<\/td>\n<td width=\"54\">\n<p align=\"center\"><span lang=\"fi-FI\">Rastit<\/span><\/p>\n<\/td>\n<td width=\"75\"><span lang=\"fi-FI\">Mittakaava<\/span><\/td>\n<td width=\"71\">\n<p align=\"center\"><span lang=\"fi-FI\">Sarja<\/span><\/p>\n<\/td>\n<td width=\"72\">\n<p align=\"center\"><span lang=\"fi-FI\">Matka<\/span><\/p>\n<\/td>\n<td width=\"75\">\n<p align=\"center\"><span lang=\"fi-FI\">Rastit<\/span><\/p>\n<\/td>\n<td width=\"70\"><span lang=\"fi-FI\">Mittakaava<\/span><\/td>\n<\/tr>\n<tr valign=\"top\">\n<td width=\"70\">\n<p align=\"center\"><span lang=\"fi-FI\">H21<\/span><\/p>\n<\/td>\n<td width=\"63\">\n<p align=\"center\"><span lang=\"fi-FI\">5,2<\/span><\/p>\n<\/td>\n<td width=\"54\">\n<p align=\"center\"><span lang=\"fi-FI\">15<\/span><\/p>\n<\/td>\n<td width=\"75\"><span lang=\"fi-FI\">1:10000<\/span><\/td>\n<td width=\"71\">\n<p align=\"center\"><span lang=\"fi-FI\">D21<\/span><\/p>\n<\/td>\n<td width=\"72\">\n<p align=\"center\"><span lang=\"fi-FI\">4,3<\/span><\/p>\n<\/td>\n<td width=\"75\">\n<p align=\"center\">13<\/p>\n<\/td>\n<td width=\"70\"><span lang=\"fi-FI\">1:10000<\/span><\/td>\n<\/tr>\n<tr valign=\"top\">\n<td width=\"70\">\n<p align=\"center\"><span lang=\"fi-FI\">H35<\/span><\/p>\n<\/td>\n<td width=\"63\">\n<p align=\"center\"><span lang=\"fi-FI\">4,6<\/span><\/p>\n<\/td>\n<td width=\"54\">\n<p align=\"center\"><span lang=\"fi-FI\">14<\/span><\/p>\n<\/td>\n<td width=\"75\"><span lang=\"fi-FI\">1:10000<\/span><\/td>\n<td width=\"71\">\n<p align=\"center\"><span lang=\"fi-FI\">D35<\/span><\/p>\n<\/td>\n<td width=\"72\">\n<p align=\"center\"><span lang=\"fi-FI\">3,9<\/span><\/p>\n<\/td>\n<td width=\"75\">\n<p align=\"center\">12<\/p>\n<\/td>\n<td width=\"70\"><span lang=\"fi-FI\">1:7500<\/span><\/td>\n<\/tr>\n<tr valign=\"top\">\n<td width=\"70\">\n<p align=\"center\"><span lang=\"fi-FI\">H40<\/span><\/p>\n<\/td>\n<td width=\"63\">\n<p align=\"center\"><span lang=\"fi-FI\">4,6<\/span><\/p>\n<\/td>\n<td width=\"54\">\n<p align=\"center\"><span lang=\"fi-FI\">14<\/span><\/p>\n<\/td>\n<td width=\"75\"><span lang=\"fi-FI\">1:10000<\/span><\/td>\n<td width=\"71\">\n<p align=\"center\"><span lang=\"fi-FI\">D40<\/span><\/p>\n<\/td>\n<td width=\"72\">\n<p align=\"center\"><span lang=\"fi-FI\">3,8<\/span><\/p>\n<\/td>\n<td width=\"75\">\n<p align=\"center\">13<\/p>\n<\/td>\n<td width=\"70\"><span lang=\"fi-FI\">1:7500<\/span><\/td>\n<\/tr>\n<tr valign=\"top\">\n<td width=\"70\">\n<p align=\"center\"><span lang=\"fi-FI\">H45<\/span><\/p>\n<\/td>\n<td width=\"63\">\n<p align=\"center\"><span lang=\"fi-FI\">4,3<\/span><\/p>\n<\/td>\n<td width=\"54\">\n<p align=\"center\"><span lang=\"fi-FI\">13<\/span><\/p>\n<\/td>\n<td width=\"75\"><span lang=\"fi-FI\">1:10000<\/span><\/td>\n<td width=\"71\">\n<p align=\"center\"><span lang=\"fi-FI\">D45<\/span><\/p>\n<\/td>\n<td width=\"72\">\n<p align=\"center\"><span lang=\"fi-FI\">3,4<\/span><\/p>\n<\/td>\n<td width=\"75\">\n<p align=\"center\">11<\/p>\n<\/td>\n<td width=\"70\"><span lang=\"fi-FI\">1:7500<\/span><\/td>\n<\/tr>\n<tr valign=\"top\">\n<td width=\"70\">\n<p align=\"center\"><span lang=\"fi-FI\">H50<\/span><\/p>\n<\/td>\n<td width=\"63\">\n<p align=\"center\"><span lang=\"fi-FI\">3,9<\/span><\/p>\n<\/td>\n<td width=\"54\">\n<p align=\"center\"><span lang=\"fi-FI\">12<\/span><\/p>\n<\/td>\n<td width=\"75\"><span lang=\"fi-FI\">1:7500<\/span><\/td>\n<td width=\"71\">\n<p align=\"center\"><span lang=\"fi-FI\">D50<\/span><\/p>\n<\/td>\n<td width=\"72\">\n<p align=\"center\"><span lang=\"fi-FI\">2,8<\/span><\/p>\n<\/td>\n<td width=\"75\">\n<p align=\"center\">9<\/p>\n<\/td>\n<td width=\"70\"><span lang=\"fi-FI\">1:7500<\/span><\/td>\n<\/tr>\n<tr valign=\"top\">\n<td width=\"70\">\n<p align=\"center\"><span lang=\"fi-FI\">H55<\/span><\/p>\n<\/td>\n<td width=\"63\">\n<p align=\"center\"><span lang=\"fi-FI\">3,8<\/span><\/p>\n<\/td>\n<td width=\"54\">\n<p align=\"center\"><span lang=\"fi-FI\">13<\/span><\/p>\n<\/td>\n<td width=\"75\"><span lang=\"fi-FI\">1:7500<\/span><\/td>\n<td width=\"71\">\n<p align=\"center\"><span lang=\"fi-FI\">D55<\/span><\/p>\n<\/td>\n<td width=\"72\">\n<p align=\"center\"><span lang=\"fi-FI\">2,7<\/span><\/p>\n<\/td>\n<td width=\"75\">\n<p align=\"center\">11<\/p>\n<\/td>\n<td width=\"70\"><span lang=\"fi-FI\">1:7500<\/span><\/td>\n<\/tr>\n<tr valign=\"top\">\n<td width=\"70\">\n<p align=\"center\"><span lang=\"fi-FI\">H60<\/span><\/p>\n<\/td>\n<td width=\"63\">\n<p align=\"center\"><span lang=\"fi-FI\">3,4<\/span><\/p>\n<\/td>\n<td width=\"54\">\n<p align=\"center\"><span lang=\"fi-FI\">11<\/span><\/p>\n<\/td>\n<td width=\"75\"><span lang=\"fi-FI\">1:7500<\/span><\/td>\n<td width=\"71\">\n<p align=\"center\"><span lang=\"fi-FI\">D60<\/span><\/p>\n<\/td>\n<td width=\"72\">\n<p align=\"center\"><span lang=\"fi-FI\">2,5<\/span><\/p>\n<\/td>\n<td width=\"75\">\n<p align=\"center\"><span lang=\"fi-FI\">10<\/span><\/p>\n<\/td>\n<td width=\"70\"><span lang=\"fi-FI\">1:7500<\/span><\/td>\n<\/tr>\n<tr valign=\"top\">\n<td width=\"70\">\n<p align=\"center\"><span lang=\"fi-FI\">H65<\/span><\/p>\n<\/td>\n<td width=\"63\">\n<p align=\"center\"><span lang=\"fi-FI\">2,8<\/span><\/p>\n<\/td>\n<td width=\"54\">\n<p align=\"center\"><span lang=\"fi-FI\">9<\/span><\/p>\n<\/td>\n<td width=\"75\"><span lang=\"fi-FI\">1:7500<\/span><\/td>\n<td width=\"71\">\n<p align=\"center\"><span lang=\"fi-FI\">D65<\/span><\/p>\n<\/td>\n<td width=\"72\">\n<p align=\"center\"><span lang=\"fi-FI\">2,5<\/span><\/p>\n<\/td>\n<td width=\"75\">\n<p align=\"center\"><span lang=\"fi-FI\">10<\/span><\/p>\n<\/td>\n<td width=\"70\"><span lang=\"fi-FI\">1:7500<\/span><\/td>\n<\/tr>\n<tr valign=\"top\">\n<td width=\"70\">\n<p align=\"center\"><span lang=\"fi-FI\">H70<\/span><\/p>\n<\/td>\n<td width=\"63\">\n<p align=\"center\"><span lang=\"fi-FI\">2,7<\/span><\/p>\n<\/td>\n<td width=\"54\">\n<p align=\"center\"><span lang=\"fi-FI\">11<\/span><\/p>\n<\/td>\n<td width=\"75\"><span lang=\"fi-FI\">1:7500<\/span><\/td>\n<td width=\"71\">\n<p align=\"center\"><span lang=\"fi-FI\">D70<\/span><\/p>\n<\/td>\n<td width=\"72\">\n<p align=\"center\"><span lang=\"fi-FI\">2,2<\/span><\/p>\n<\/td>\n<td width=\"75\">\n<p align=\"center\"><span lang=\"fi-FI\">8<\/span><\/p>\n<\/td>\n<td width=\"70\"><span lang=\"fi-FI\">1:7500<\/span><\/td>\n<\/tr>\n<tr valign=\"top\">\n<td width=\"70\">\n<p align=\"center\"><span lang=\"fi-FI\">H75<\/span><\/p>\n<\/td>\n<td width=\"63\">\n<p align=\"center\"><span lang=\"fi-FI\">2,5<\/span><\/p>\n<\/td>\n<td width=\"54\">\n<p align=\"center\"><span lang=\"fi-FI\">10<\/span><\/p>\n<\/td>\n<td width=\"75\"><span lang=\"fi-FI\">1:7500<\/span><\/td>\n<td width=\"71\">\n<p align=\"center\"><span lang=\"fi-FI\">D75<\/span><\/p>\n<\/td>\n<td width=\"72\">\n<p align=\"center\"><span lang=\"fi-FI\">2,2<\/span><\/p>\n<\/td>\n<td width=\"75\">\n<p align=\"center\"><span lang=\"fi-FI\">8<\/span><\/p>\n<\/td>\n<td width=\"70\"><span lang=\"fi-FI\">1:7500<\/span><\/td>\n<\/tr>\n<tr valign=\"top\">\n<td width=\"70\">\n<p align=\"center\"><span lang=\"fi-FI\">H80<\/span><\/p>\n<\/td>\n<td width=\"63\">\n<p align=\"center\"><span lang=\"fi-FI\">2,2<\/span><\/p>\n<\/td>\n<td width=\"54\">\n<p align=\"center\"><span lang=\"fi-FI\">8<\/span><\/p>\n<\/td>\n<td width=\"75\"><span lang=\"fi-FI\">1:7500<\/span><\/td>\n<td width=\"71\">\n<p align=\"center\"><span lang=\"fi-FI\">D80<\/span><\/p>\n<\/td>\n<td width=\"72\">\n<p align=\"center\"><span lang=\"fi-FI\">1,6<\/span><\/p>\n<\/td>\n<td width=\"75\">\n<p align=\"center\"><span lang=\"fi-FI\">5<\/span><\/p>\n<\/td>\n<td width=\"70\"><span lang=\"fi-FI\">1:7500<\/span><\/td>\n<\/tr>\n<tr valign=\"top\">\n<td width=\"70\">\n<p align=\"center\"><span lang=\"fi-FI\">H85<\/span><\/p>\n<\/td>\n<td width=\"63\">\n<p align=\"center\"><span lang=\"fi-FI\">1,6<\/span><\/p>\n<\/td>\n<td width=\"54\">\n<p align=\"center\"><span lang=\"fi-FI\">5<\/span><\/p>\n<\/td>\n<td width=\"75\"><span lang=\"fi-FI\">1:7500<\/span><\/td>\n<td width=\"71\"><span lang=\"fi-FI\">D85<\/span><\/td>\n<td width=\"72\">1,6<\/td>\n<td width=\"75\">5<\/td>\n<td width=\"70\">1:7500<\/td>\n<\/tr>\n<tr valign=\"top\">\n<td width=\"70\">\u00a0<\/td>\n<td width=\"63\">\u00a0<\/td>\n<td width=\"54\">\u00a0<\/td>\n<td width=\"75\">\u00a0<\/td>\n<td width=\"71\">\u00a0<\/td>\n<td width=\"72\">\u00a0<\/td>\n<td width=\"75\">\u00a0<\/td>\n<td width=\"70\">\u00a0<\/td>\n<\/tr>\n<tr valign=\"top\">\n<td width=\"70\">\n<p align=\"center\"><span lang=\"fi-FI\">H20<\/span><\/p>\n<\/td>\n<td width=\"63\">\n<p align=\"center\"><span lang=\"fi-FI\">4,3<\/span><\/p>\n<\/td>\n<td width=\"54\">\n<p align=\"center\"><span lang=\"fi-FI\">13<\/span><\/p>\n<\/td>\n<td width=\"75\"><span lang=\"fi-FI\">1:10000<\/span><\/td>\n<td width=\"71\">\n<p align=\"center\"><span lang=\"fi-FI\">D20<\/span><\/p>\n<\/td>\n<td width=\"72\">\n<p align=\"center\"><span lang=\"fi-FI\">3,4<\/span><\/p>\n<\/td>\n<td width=\"75\">\n<p align=\"center\">11<\/p>\n<\/td>\n<td width=\"70\"><span lang=\"fi-FI\">1:7500<\/span><\/td>\n<\/tr>\n<tr valign=\"top\">\n<td width=\"70\">\n<p align=\"center\"><span lang=\"fi-FI\">H18<\/span><\/p>\n<\/td>\n<td width=\"63\">\n<p align=\"center\"><span lang=\"fi-FI\">3,9<\/span><\/p>\n<\/td>\n<td width=\"54\">\n<p align=\"center\"><span lang=\"fi-FI\">12<\/span><\/p>\n<\/td>\n<td width=\"75\"><span lang=\"fi-FI\">1:7500<\/span><\/td>\n<td width=\"71\">\n<p align=\"center\"><span lang=\"fi-FI\">D18<\/span><\/p>\n<\/td>\n<td width=\"72\">\n<p align=\"center\"><span lang=\"fi-FI\">2,8<\/span><\/p>\n<\/td>\n<td width=\"75\">\n<p align=\"center\">9<\/p>\n<\/td>\n<td width=\"70\"><span lang=\"fi-FI\">1:7500<\/span><\/td>\n<\/tr>\n<tr valign=\"top\">\n<td width=\"70\">\n<p align=\"center\"><span lang=\"fi-FI\">H16<\/span><\/p>\n<\/td>\n<td width=\"63\">\n<p align=\"center\"><span lang=\"fi-FI\">3,4<\/span><\/p>\n<\/td>\n<td width=\"54\">\n<p align=\"center\"><span lang=\"fi-FI\">11<\/span><\/p>\n<\/td>\n<td width=\"75\"><span lang=\"fi-FI\">1:7500<\/span><\/td>\n<td width=\"71\">\n<p align=\"center\"><span lang=\"fi-FI\">D16<\/span><\/p>\n<\/td>\n<td width=\"72\">\n<p align=\"center\"><span lang=\"fi-FI\">2,7<\/span><\/p>\n<\/td>\n<td width=\"75\">\n<p align=\"center\">11<\/p>\n<\/td>\n<td width=\"70\"><span lang=\"fi-FI\">1:7500<\/span><\/td>\n<\/tr>\n<tr valign=\"top\">\n<td width=\"70\">\n<p align=\"center\"><span lang=\"fi-FI\">H14<\/span><\/p>\n<\/td>\n<td width=\"63\">\n<p align=\"center\"><span lang=\"fi-FI\">1,8<\/span><\/p>\n<\/td>\n<td width=\"54\">\n<p align=\"center\"><span lang=\"fi-FI\">7<\/span><\/p>\n<\/td>\n<td width=\"75\"><span lang=\"fi-FI\">1:7500<\/span><\/td>\n<td width=\"71\">\n<p align=\"center\"><span lang=\"fi-FI\">D14<\/span><\/p>\n<\/td>\n<td width=\"72\">\n<p align=\"center\"><span lang=\"fi-FI\">1,8<\/span><\/p>\n<\/td>\n<td width=\"75\">\n<p align=\"center\"><span lang=\"fi-FI\">7<\/span><\/p>\n<\/td>\n<td width=\"70\"><span lang=\"fi-FI\">1:7500<\/span><\/td>\n<\/tr>\n<tr valign=\"top\">\n<td width=\"70\">\n<p align=\"center\"><span lang=\"fi-FI\">H12<\/span><\/p>\n<\/td>\n<td width=\"63\">\n<p align=\"center\"><span lang=\"fi-FI\">1,6<\/span><\/p>\n<\/td>\n<td width=\"54\">\n<p align=\"center\"><span lang=\"fi-FI\">5<\/span><\/p>\n<\/td>\n<td width=\"75\"><span lang=\"fi-FI\">1:7500<\/span><\/td>\n<td width=\"71\">\n<p align=\"center\"><span lang=\"fi-FI\">D12<\/span><\/p>\n<\/td>\n<td width=\"72\">\n<p align=\"center\"><span lang=\"fi-FI\">1,6<\/span><\/p>\n<\/td>\n<td width=\"75\">\n<p align=\"center\"><span lang=\"fi-FI\">5<\/span><\/p>\n<\/td>\n<td width=\"70\"><span lang=\"fi-FI\">1:7500<\/span><\/td>\n<\/tr>\n<\/tbody>\n<\/table>\n<p>\u00a0<\/p>\n<p><span lang=\"fi-FI\"><b>L\u00c4HD\u00d6T:<\/b><\/span><\/p>\n<p><span lang=\"fi-FI\">Ensimm\u00e4inen l\u00e4ht\u00f6 on klo 11.00. Viitoitukset l\u00e4ht\u00f6ihin alkavat kilpailukeskuksesta. Matkaa l\u00e4ht\u00f6\u00f6n on 0,4 km. Kaikilla sarjoilla on sama l\u00e4ht\u00f6.<\/span><\/p>\n<p><span lang=\"fi-FI\"><b>MAALI:<\/b><\/span><\/p>\n<p><span lang=\"fi-FI\">Kaikilla sarjoilla on sama maali. Kilpailijan loppuaika m\u00e4\u00e4r\u00e4ytyy maalileimauksesta. Maalileimauksen j\u00e4lkeen kilpailija siirtyy leimantarkistukseen. Kilpailukarttoja ei ker\u00e4t\u00e4 pois, mutta muista Suunnistusliiton eettiset ohjeet.<\/span><span lang=\"fi-FI\">\u00a0Ep\u00e4selvyydet k\u00e4sitell\u00e4\u00e4n v\u00e4litt\u00f6m\u00e4sti itkumuurilla. Maali suljetaan klo 14.<\/span><\/p>\n<p><span lang=\"fi-FI\"><b>KESKEYTT\u00c4NEET:<\/b><\/span><\/p>\n<p><span lang=\"fi-FI\">Keskeytt\u00e4neet kilpailijat tulevat normaalisti maaliin ja ilmoittavat keskeytyksest\u00e4 maalin toimitsijoille.<\/span><\/p>\n<p><span lang=\"fi-FI\"><b>TULOKSET JA V\u00c4LIAJAT:<\/b><\/span><\/p>\n<p><span lang=\"fi-FI\">Tulokset ja v\u00e4liajat on n\u00e4ht\u00e4v\u00e4n\u00e4 j\u00e4rjest\u00e4j\u00e4n nettisivuilla.<\/span><\/p>\n<p><span lang=\"fi-FI\"><b>KIELLETYT ALUEET:<\/b><\/span><\/p>\n<p><span lang=\"fi-FI\">Viljellyt pellot ovat kielletty\u00e4 aluetta.<\/span><\/p>\n<p><span lang=\"fi-FI\"><b>PALKINNOT:<\/b><\/span><\/p>\n<p><span lang=\"fi-FI\">Kaikissa sarjoissa palkitaan alueittain kolme parasta AM-mitalilla. Mitalit noudetaan infosta sarjan tulosten valmistuttua. Sarjojen voittajille luvassa my\u00f6s paikallisia Champin herkkusieni\u00e4. Arvontapalkintoja.<\/span><\/p>\n<p><span lang=\"fi-FI\"><b>ENSIAPU:<\/b><\/span><\/p>\n<p><span lang=\"fi-FI\">Kilpailukeskuksessa on ensiapupiste maalin v\u00e4litt\u00f6m\u00e4ss\u00e4 l\u00e4heisyydess\u00e4.<\/span><\/p>\n<p><span lang=\"fi-FI\"><b>PUKETUMINEN:<\/b><\/span><\/p>\n<p><span lang=\"fi-FI\">Kentt\u00e4olosuhteissa. Pesupaikkaa ei ole.<\/span><\/p>\n<p><span lang=\"fi-FI\"><b>WC:<\/b><\/span><\/p>\n<p><span lang=\"fi-FI\">WC:t on vain kilpailukeskuksessa, ei l\u00e4ht\u00f6paikoilla.<\/span><\/p>\n<p><span lang=\"fi-FI\"><b>KAHVIO:<\/b><\/span><\/p>\n<p><span lang=\"fi-FI\">Kilpailukeskuksessa on kahvio. Tarjolla suolaista ja makeaa. K\u00e4teismaksu.<\/span><\/p>\n<p><span lang=\"fi-FI\"><b>PAIKOITUS:<\/b><\/span><\/p>\n<p><span lang=\"fi-FI\">Peltopys\u00e4k\u00f6inti, paikoitusalueelta Ilmoitussuontiell\u00e4 on opastus kilpailukeskukseen, matkaa kilpailukeskukseen 300 metri\u00e4. Opastus paikalla kilpailup\u00e4iv\u00e4n\u00e4 klo 9.30 alkaen.<\/span><a href=\"http:\/\/www.hiisirasti.fi\/wp-content\/uploads\/2023\/04\/Kiu_logo_lapinakyva.png\" rel=\"lightbox-0 lightbox-0\"><img loading=\"lazy\" decoding=\"async\" class=\"wp-image-2267 alignright\" src=\"http:\/\/www.hiisirasti.fi\/wp-content\/uploads\/2023\/04\/Kiu_logo_lapinakyva-300x300.png\" sizes=\"auto, (max-width: 134px) 100vw, 134px\" srcset=\"http:\/\/www.hiisirasti.fi\/wp-content\/uploads\/2023\/04\/Kiu_logo_lapinakyva-300x300.png 300w, http:\/\/www.hiisirasti.fi\/wp-content\/uploads\/2023\/04\/Kiu_logo_lapinakyva-150x150.png 150w, http:\/\/www.hiisirasti.fi\/wp-content\/uploads\/2023\/04\/Kiu_logo_lapinakyva.png 472w\" alt=\"\" width=\"134\" height=\"134\" \/><\/a><\/p>\n","protected":false},"excerpt":{"rendered":"<p>S\u00c4\u00c4NN\u00d6T: Kilpailuissa noudatetaan SSL:n suunnistuksen lajis\u00e4\u00e4nt\u00f6j\u00e4 ja n\u00e4it\u00e4 j\u00e4rjest\u00e4j\u00e4n ohjeita. TOIMIHENKIL\u00d6T: Kilpailunjohtaja: Kimmo MieskoskiRatamestari: Mika RuuhialaKilpailunvalvoja: Joona Huila, IkNVTuomarineuvosto: KILPAILUKESKUS: Ilmoitussuontie 400, KiukainenKovapohjainen kentt\u00e4, kahvio ja 100-vuotisn\u00e4yttely kilpailukeskuksen hallissa. MAASTO: Tyypillinen kiukaislainen maasto, jossa havumets\u00e4voittoisella alueella on pieni\u00e4 m\u00e4ki\u00e4 ja pienipiirteisi\u00e4 alueita, mutta avokalliot puuttuvat kuitenkin kokonaan. KILPAILUKARTTA: Tulostekartta 05\/2023, mittakaavat 1:10 000 ja 1:7500 [&hellip;]<\/p>\n","protected":false},"author":1,"featured_media":0,"parent":0,"menu_order":0,"comment_status":"closed","ping_status":"closed","template":"","meta":{"footnotes":""},"class_list":["post-2283","page","type-page","status-publish","hentry"],"_links":{"self":[{"href":"http:\/\/www.hiisirasti.fi\/index.php?rest_route=\/wp\/v2\/pages\/2283","targetHints":{"allow":["GET"]}}],"collection":[{"href":"http:\/\/www.hiisirasti.fi\/index.php?rest_route=\/wp\/v2\/pages"}],"about":[{"href":"http:\/\/www.hiisirasti.fi\/index.php?rest_route=\/wp\/v2\/types\/page"}],"author":[{"embeddable":true,"href":"http:\/\/www.hiisirasti.fi\/index.php?rest_route=\/wp\/v2\/users\/1"}],"replies":[{"embeddable":true,"href":"http:\/\/www.hiisirasti.fi\/index.php?rest_route=%2Fwp%2Fv2%2Fcomments&post=2283"}],"version-history":[{"count":10,"href":"http:\/\/www.hiisirasti.fi\/index.php?rest_route=\/wp\/v2\/pages\/2283\/revisions"}],"predecessor-version":[{"id":2305,"href":"http:\/\/www.hiisirasti.fi\/index.php?rest_route=\/wp\/v2\/pages\/2283\/revisions\/2305"}],"wp:attachment":[{"href":"http:\/\/www.hiisirasti.fi\/index.php?rest_route=%2Fwp%2Fv2%2Fmedia&parent=2283"}],"curies":[{"name":"wp","href":"https:\/\/api.w.org\/{rel}","templated":true}]}}