{"id":12,"date":"2014-07-08T13:47:29","date_gmt":"2014-07-08T10:47:29","guid":{"rendered":"http:\/\/www.hiisirasti.fi\/?page_id=12"},"modified":"2023-02-09T20:55:58","modified_gmt":"2023-02-09T18:55:58","slug":"organisaatio","status":"publish","type":"page","link":"https:\/\/www.hiisirasti.fi\/?page_id=12","title":{"rendered":"Hiisirastin hallitus 2023"},"content":{"rendered":"<p><span style=\"text-decoration: underline;\"><strong>Puheenjohtaja<\/strong><\/span><br \/>\nKauko Hakala<br \/>\nSalattimentie 90, 27710 K\u00f6yli\u00f6<br \/>\npuh. 0400 834085, s-posti kaukojo.hakala(\u00e4t)gmail.com<\/p>\n<p><span style=\"text-decoration: underline;\"><strong>Sihteeri<\/strong><\/span><br \/>\nTeemu Nukki<br \/>\nPyyntie 24, 27800 S\u00e4kyl\u00e4<br \/>\npuh. 050 3423583, teemu.nukki(\u00e4t)dnainternet.net<\/p>\n<p><span style=\"text-decoration: underline;\"><strong>J\u00e4senet<\/strong><\/span><\/p>\n<p>Kalevi M\u00e4kip\u00e4\u00e4<br \/>\npuh. 044 4224070, kalevi.makipaa(\u00e4t)eura.fi<\/p>\n<p>Saku Asikainen<br \/>\nPL 13<br \/>\n33201 Tampere<br \/>\npuh. 040 5247846, saku.asikainen(\u00e4t)gmail.com<\/p>\n<p>Joona Huila<br \/>\npuh. 044 2525432, joonahuila(\u00e4t)gmail.com<\/p>\n<p>Hannu Joensuu<br \/>\npuh. 0400 168769, hannu.j.joensuu(\u00e4t)upm.com<\/p>\n<p>Petri Hyv\u00e4ri<br \/>\npuh. 046 6486671, phyvari(\u00e4t)gmail.com<\/p>\n<p>P\u00e4ivi-Aarikka Ruuhiala<br \/>\npuh. 0500 913993, paivi.aar(\u00e4t)gmail.com<\/p>\n<p>Sipi Erkkil\u00e4<br \/>\npuh. 044 0591141, erkkilasipi30(\u00e4t)gmail.com<\/p>\n<p>Rami Rintala<br \/>\npuh. 040 5115190, ramiri@iki.fi<\/p>\n<p>Petteri Vuorinen<br \/>\nRastaantie 6, 27800 S\u00e4kyl\u00e4, puh. 040 5065959, petteri.vuorinen(\u00e4t)dnainternet.<wbr \/>net<\/p>\n<p><span style=\"text-decoration: underline;\"><strong>Varaj\u00e4sen<\/strong><\/span><\/p>\n<p>Teemu Rostedt<br \/>\npuh. 050 3619229, teemu.rostedt(\u00e4t)gmail.com<\/p>\n<p><span style=\"text-decoration: underline;\"><strong>Rahastonhoitaja<\/strong><\/span><\/p>\n<p>Rahastonhoitajana toimii Eurajoen Kiinteist\u00f6- ja Tilipalvelu.<br \/>\nLaskut l\u00e4hetett\u00e4v\u00e4 Hiisirastin puheenjohtajalle hyv\u00e4ksytt\u00e4v\u00e4ksi.<\/p>\n<p><span style=\"text-decoration: underline;\"><strong>Kotisivujen yll\u00e4pito ja Irma-vastaava<\/strong><\/span><\/p>\n<p>Rami Rintala<br \/>\nMetsolankatu 6 B, 20760 Piispanristi<br \/>\npuh. 040 5115190, ramiri(\u00e4t)iki.fi<\/p>\n<p><strong>Kotisivuasiat ja Irma my\u00f6s<\/strong><\/p>\n<p>Saku Asikainen<br \/>\nYhteystiedot yll\u00e4<\/p>\n","protected":false},"excerpt":{"rendered":"<p>Puheenjohtaja Kauko Hakala Salattimentie 90, 27710 K\u00f6yli\u00f6 puh. 0400 834085, s-posti kaukojo.hakala(\u00e4t)gmail.com Sihteeri Teemu Nukki Pyyntie 24, 27800 S\u00e4kyl\u00e4 puh. 050 3423583, teemu.nukki(\u00e4t)dnainternet.net J\u00e4senet Kalevi M\u00e4kip\u00e4\u00e4 puh. 044 4224070, kalevi.makipaa(\u00e4t)eura.fi Saku Asikainen PL 13 33201 Tampere puh. 040 5247846, saku.asikainen(\u00e4t)gmail.com Joona Huila puh. 044 2525432, joonahuila(\u00e4t)gmail.com Hannu Joensuu puh. 0400 168769, hannu.j.joensuu(\u00e4t)upm.com Petri Hyv\u00e4ri puh. [&hellip;]<\/p>\n","protected":false},"author":1,"featured_media":0,"parent":0,"menu_order":0,"comment_status":"closed","ping_status":"closed","template":"","meta":{"footnotes":""},"class_list":["post-12","page","type-page","status-publish","hentry"],"_links":{"self":[{"href":"https:\/\/www.hiisirasti.fi\/index.php?rest_route=\/wp\/v2\/pages\/12","targetHints":{"allow":["GET"]}}],"collection":[{"href":"https:\/\/www.hiisirasti.fi\/index.php?rest_route=\/wp\/v2\/pages"}],"about":[{"href":"https:\/\/www.hiisirasti.fi\/index.php?rest_route=\/wp\/v2\/types\/page"}],"author":[{"embeddable":true,"href":"https:\/\/www.hiisirasti.fi\/index.php?rest_route=\/wp\/v2\/users\/1"}],"replies":[{"embeddable":true,"href":"https:\/\/www.hiisirasti.fi\/index.php?rest_route=%2Fwp%2Fv2%2Fcomments&post=12"}],"version-history":[{"count":18,"href":"https:\/\/www.hiisirasti.fi\/index.php?rest_route=\/wp\/v2\/pages\/12\/revisions"}],"predecessor-version":[{"id":2240,"href":"https:\/\/www.hiisirasti.fi\/index.php?rest_route=\/wp\/v2\/pages\/12\/revisions\/2240"}],"wp:attachment":[{"href":"https:\/\/www.hiisirasti.fi\/index.php?rest_route=%2Fwp%2Fv2%2Fmedia&parent=12"}],"curies":[{"name":"wp","href":"https:\/\/api.w.org\/{rel}","templated":true}]}}